 List the prime factors of f(8).
2
Suppose 9*a - 28 = 5*a. Suppose -6*b = -b + 105. What are the prime factors of 2/a + (-414)/b?
2, 5
Let w = -41 - -44. What are the prime factors of w?
3
Let u(p) = -7*p**3 + 4*p**2 + 6*p - 8. Let a(y) = y**3 - y + 1. Suppose -2 = 5*c - 7. Let w(i) = c*u(i) + 6*a(i). List the prime factors of w(3).
7
Let x = -64 - -89. Suppose -3*r = 2*q - x, -4*r + 7*q - 2*q = -41. List the prime factors of r.
3
Suppose -2*u = 2*u, -3*u - 12 = -v. Let p be (30/(-5))/(-18) + (-26)/6. What are the prime factors of v/(p/3 - -2)?
2, 3
Suppose -x + 2*d + 162 = 0, -d - 315 - 347 = -4*x. List the prime factors of x.
2, 83
Let s = -146 + 452. What are the prime factors of s?
2, 3, 17
Suppose 7*z = 2*z + 35. List the prime factors of z.
7
Suppose -17 = 3*h + 28. Let t = h + 37. List the prime factors of t.
2, 11
Let a(c) = c**2 + 5*c - 2. Let p be a(-5). Let h(b) = b - 1. Let z(d) = -5*d**2. Let j(s) = 2*h(s) - z(s). What are the prime factors of j(p)?
2, 7
Let z(h) = h + 7. Let x be z(-7). Suppose x = -3*n + 55 + 14. List the prime factors of n.
23
Let p be (-111)/(-12) + 6/8. Suppose 4*f + 16 = 0, 3*o + 6*f = 2*f - p. Suppose 5*w = -o*l + 24, 2*l - 6 = -l. List the prime factors of w.
2
Suppose 43*b - 47*b + 84 = 0. List the prime factors of b.
3, 7
Let s(f) = f**2 + 3*f - 2. Let b be s(2). Suppose -b*r + 3*r = -150. List the prime factors of 124/10 - 12/r.
2, 3
Let b(k) = -77*k**3 + k**2 - 3*k - 3. List the prime factors of b(-1).
2, 3, 13
Suppose -8 = -3*z - z. Suppose 5*r - r - 2*f = 48, -5*r + 62 = -z*f. List the prime factors of r.
2, 7
Suppose 58 = -2*h + 202. What are the prime factors of h?
2, 3
Suppose 2*t + 5 = 3*t. Let m = 11 - t. What are the prime factors of m*2 + (-3)/3?
11
Suppose -45 = -m + 5*z, -3*z = -6*m + 3*m + 99. List the prime factors of m.
2, 3, 5
What are the prime factors of (-62)/6*(-18 + 15)?
31
Let c(k) be the third derivative of k**5/12 - k**4/24 - k**3/6 + k**2. What are the prime factors of c(-3)?
47
Let d(t) = t**3 - 11*t**2 + 13*t - 3. List the prime factors of d(12).
3, 11
Let l = -17 - -16. Let r be 1*(-2 + -1)*-1. Let y = r - l. List the prime factors of y.
2
Suppose -4*x = -0*x - 304. What are the prime factors of x?
2, 19
What are the prime factors of (-6)/9*903/(-14)?
43
Suppose -8*d + 493 = -547. List the prime factors of d.
2, 5, 13
Suppose 19*h - 15*h - 104 = 0. What are the prime factors of h?
2, 13
Let s be (-1 + -2 + 4)/(-1). What are the prime factors of (-9)/(s + 1 - 1)?
3
Suppose -5*n = -20, 6*n - 40 = -5*l + n. Let v = 6 - l. Suppose -5*j - 29 = -v*g, -7*g - 5*j + 20 = -2*g. List the prime factors of g.
7
Let s be 2*(2 + 5) + -3. Let d = s + 15. What are the prime factors of d?
2, 13
Let i(u) = u + 7. Let g be i(-5). Let w = 27 - g. List the prime factors of w.
5
Suppose 2*v + j + 11 = -4*j, 0 = -v + 2*j - 1. What are the prime factors of -2*(v/6 - 1)?
3
Suppose -p = -3*p + 22. Suppose -p = -3*k + k - 3*i, -5*k + 4*i + 62 = 0. Suppose -2*a + 4*a - k = 0. What are the prime factors of a?
5
List the prime factors of 1 + 618/10 + 2/10.
3, 7
Let z be (3/2)/((-9)/(-24)). Suppose -z*d + 42 = m, 0 = -3*d + 4*m - 5*m + 31. What are the prime factors of d?
11
Suppose -4*h + 5*h = 185. What are the prime factors of h?
5, 37
Let j(s) be the first derivative of 1/4*s**4 - 4*s + 3 + 5/2*s**2 - 4/3*s**3. What are the prime factors of j(3)?
2
Let q be (-2)/(-4) + (-27)/(-2). Let a = -9 + q. List the prime factors of a.
5
Suppose 0 = -4*l - 30 - 14. Let q(t) = t**3 + t**2 - 2*t + 1. Let k be q(-2). Let f = k - l. What are the prime factors of f?
2, 3
Suppose 5*o - 2 = -3*w + 2, 5*w + 2*o - 13 = 0. Suppose -t = w*t. Let c = t - -2. List the prime factors of c.
2
Suppose -z = 2*t - 3 - 12, 2*t + 2*z = 14. Let q(y) = -y**3 - 9 + 4*y + 3*y + 8*y**2 - 4*y. What are the prime factors of q(t)?
3, 5
Let x = 8 - 20. Let y = x + 23. List the prime factors of y.
11
Let x(v) = 3*v - 15. What are the prime factors of x(14)?
3
Let s(i) = -i - 3. Let b be s(10). Let f = -9 - b. Suppose -5*l + 36 = -p, -3*p + 1 = f. What are the prime factors of l?
7
Let p(w) be the third derivative of w**5/60 + w**4/8 - 2*w**3/3 - 2*w**2. Let s = 12 - 17. List the prime factors of p(s).
2, 3
Let m = -4 + 4. Suppose -24 = -5*v - m*u - 2*u, -2*u = 6. Suppose o - 4*l - v = 0, 0*l - 12 = -5*o + 2*l. List the prime factors of o.
2
Let z = 1 + -8. Let w(b) = -b**3 - 6*b**2 + 5*b + 4. What are the prime factors of w(z)?
2, 3
Suppose 3 = -v + 4*r, -5 = -3*v + r + 8. Suppose -4*t = 0, -2*t + 65 = v*d - 0*t. What are the prime factors of d?
13
Suppose r - 4*r + 24 = 0. Suppose 5*i - r = 77. What are the prime factors of i?
17
Let o(d) = -5*d - 27. List the prime factors of o(-22).
83
Let s(i) = 26*i**2 - 6*i + 1. What are the prime factors of s(2)?
3, 31
Suppose 2*u + 53 = -2*s + 7, -u - 51 = 2*s. Let w = 50 + s. List the prime factors of w.
2, 11
Let d = -29 - -15. Let f(z) = -2*z - 1. What are the prime factors of f(d)?
3
Let o(w) = -2*w + 2. Let i(n) = n**3 - 5*n**2 + 2*n + 2. Let k be i(3). Let r = k - -6. What are the prime factors of o(r)?
2, 5
Suppose 0 = -7*b + 2*b + 80. Suppose 0*x + b = x. List the prime factors of x.
2
Suppose 4*p = -2*t - 34, 0 = -3*p - 5*t - 35 + 6. Let w = -4 - p. List the prime factors of w.
2
Let j be 1 + 4/2 + 0. Let s be 1 - (j + -1)*-1. What are the prime factors of (s/(-2))/(9/(-12))?
2
Let k(d) = 18*d - 9. Let r(g) = -9*g + 5. Suppose 2*l - n + 22 = 0, l + 2 + 9 = -2*n. Let i(o) = l*r(o) - 6*k(o). What are the prime factors of i(-1)?
2
Let y(f) = f**2 + 7*f + 8. Let j be y(-6). Suppose -j*d - 2*h + 24 = 8, 2*h = -d + 8. What are the prime factors of d?
2
Let p(d) = 44*d + 1. Let g be p(1). Suppose g = 4*h + h. List the prime factors of h.
3
Let h = 474 - 326. List the prime factors of h.
2, 37
Let n(k) be the third derivative of 5*k**4/24 - k**3/6 + 3*k**2. Let s be n(1). Let b = 9 - s. List the prime factors of b.
5
Let o = 26 - 14. Suppose 5*i - 5*a = -2*a - 42, -3*a - o = 4*i. List the prime factors of (-40)/i + 2/6.
7
Let a = -39 + 57. What are the prime factors of a?
2, 3
Suppose c + 60 = 6*c. Suppose -2 - c = -u. Suppose -g + u = g. List the prime factors of g.
7
Suppose -4*d + 7*d - u - 11 = 0, 5*u = -5*d + 5. Suppose d*r = r - 2. What are the prime factors of -1*(-1 + (-9 - r))?
3
Let x = 12 - 10. Suppose -x*s + 7*s = 3*c + 17, -5*s = 2*c - 22. Suppose 3*f - 19 + s = 0. What are the prime factors of f?
5
Let n be 2/(-8) + 10/8. Let i(w) = -w**2 + w. Let h(m) = m**3 + 9*m**2 - 2. Let b(p) = n*h(p) + 3*i(p). What are the prime factors of b(-5)?
2
Let o be (-21)/(-28) - 3/4. Suppose o = -c + 4 + 8. What are the prime factors of c?
2, 3
Let l(i) = 5*i. Let u be l(1). Suppose -u = -s + 5. What are the prime factors of s?
2, 5
Suppose y = -4*s + 3*y + 212, 0 = 2*s + 5*y - 94. List the prime factors of s.
2, 13
Let x(a) = 6*a**2 - 11*a - 4. List the prime factors of x(5).
7, 13
Suppose -m + 4*k + 23 = -23, -2*m + 2*k + 122 = 0. What are the prime factors of m?
2, 3, 11
Suppose 7*t - 2*t = 5. Let k = t - 7. What are the prime factors of -2 + 0 - -1 - k?
5
Suppose 2*y + 2 = 0, 0*y = -3*s + 5*y + 20. Suppose q + s = 18. What are the prime factors of q?
13
Let q(u) = 2*u - 7. Let l = -1 + 6. Let b be q(l). Suppose b*s - 7*s = -8. List the prime factors of s.
2
Let h(d) = 13*d + 4. Let n(s) = -4*s - 1. Let j be n(-1). List the prime factors of h(j).
43
Let n(w) = -w**2 + 7*w - 4. Let h be n(6). Suppose 20 = h*y + g, -y + g - 1 = -4*g. List the prime factors of y.
3
Let y be (1/(-3))/((-2)/6). Let r = -1 + y. Suppose 0 = x - r*x - 11. What are the prime factors of x?
11
List the prime factors of 36/15 + (-2)/5.
2
Let w(j) = -3*j**3 - 2*j**2 + j - 1. What are the prime factors of w(-2)?
13
Suppose -p = 2*p - 18. Let o(a) = p - 4*a + a**2 - 2*a**2 - 3. What are the prime factors of o(-3)?
2, 3
Suppose 5*g = -4*w - 129, 5*w - 7*g + 2*g + 105 = 0. Suppose 3*m - 191 = 5*v, -4*v - m = -0*m + 146. Let x = w - v. List the prime factors of x.
11
Let u(l) be the third derivative of -l**4/24 - l**3/6 - 2*l**2. Let p be u(-6). What are the prime factors of (18/p)/((-12)/(-40))?
2, 3
Let d be -10*(-4)/(-8)*-1. Suppose -m - 5*u = -3*u - 25, 185 = d*m - 2*u. What are the prime factors of m?
5, 7
Let s = -4 + 5. Let l